se 3.
-10000102
-1259 (base 10) to base 9
-1648
What is -110100000001 (base 2) in base 14?
-12db
-224 (base 5) to base 13
-4c
-1001 (base 6) to base 7
-430
Convert -175 (base 16) to base 7.
-1042
What is -4a2b (base 15) in base 10?
-15791
What is -11211211 (base 3) in base 10?
-3532
338 (base 9) to base 13
185
What is 236 (base 10) in base 13?
152
Convert -1000020122 (base 3) to base 8.
-46626
What is 97c (base 15) in base 5?
32032
-3 (base 16) to base 14
-3
1ecd (base 15) to base 6
51034
12344 (base 5) to base 7
2561
Convert 357a (base 11) to base 12.
2865
What is 1035 (base 8) in base 12?
391
12c (base 13) to base 15
dc
Convert -243 (base 12) to base 16.
-153
Convert -bf04 (base 16) to base 10.
-48900
19bc (base 13) to base 15
1233
Convert -553 (base 12) to base 16.
-30f
What is -104024 (base 5) in base 4?
-320313
-300 (base 9) to base 15
-113
Convert 1612 (base 10) to base 4.
121030
Convert 5110 (base 7) to base 4.
123223
232012 (base 4) to base 11
2242
-2623 (base 13) to base 3
-21110101
1121221200 (base 3) to base 6
404200
-34601 (base 10) to base 4
-20130221
Convert d7 (base 14) to base 9.
230
bbc6 (base 15) to base 8
115552
-110233 (base 4) to base 15
-5d7
b12 (base 13) to base 15
84e
Convert -1282 (base 9) to base 12.
-685
11000010111 (base 2) to base 4
120113
What is -10a55 (base 12) in base 15?
-68cb
733 (base 13) to base 4
103021
Convert 2c66 (base 15) to base 6.
112110
Convert 111010101001 (base 2) to base 3.
12011000
Convert -680b (base 12) to base 5.
-332111
Convert 298 (base 13) to base 4.
13033
Convert 65a9 (base 11) to base 2.
10001000000110
What is 1435 (base 10) in base 11?
1095
-444 (base 6) to base 16
-ac
-6b0 (base 16) to base 12
-ba8
What is 9c65 (base 13) in base 10?
21884
What is -ae5 (base 16) in base 13?
-1367
Convert -5503 (base 6) to base 11.
-a49
What is -1010010110 (base 2) in base 16?
-296
Convert -125511 (base 6) to base 12.
-6897
What is 19883 (base 10) in base 8?
46653
1307 (base 8) to base 5
10321
175b (base 12) to base 13
137c
Convert 1010100111 (base 2) to base 5.
10204
Convert 13b (base 12) to base 2.
10111111
Convert 3a7 (base 13) to base 6.
2552
1871 (base 10) to base 14
979
What is 11a3 (base 11) in base 7?
4364
413 (base 8) to base 13
177
Convert 40224 (base 6) to base 3.
21020021
Convert -4833 (base 13) to base 7.
-41454
What is 168c (base 13) in base 5?
101302
307 (base 10) to base 12
217
Convert -13312 (base 6) to base 4.
-200030
100443 (base 5) to base 12
1a68
What is dcb (base 15) in base 11?
2383
23286 (base 12) to base 5
3001141
Convert -583 (base 13) to base 16.
-3b8
What is -141100 (base 5) in base 12?
-3413
b61 (base 16) to base 4
231201
What is 4198 (base 12) in base 2?
1110000000100
What is 8aa1 (base 12) in base 8?
36031
Convert -100001001011 (base 2) to base 11.
-1660
What is 175b (base 16) in base 2?
1011101011011
What is 9a (base 11) in base 8?
155
What is 2452 (base 6) in base 12?
428
11323110 (base 4) to base 5
1234101
Convert -632 (base 8) to base 16.
-19a
What is 1101011 (base 2) in base 4?
1223
Convert -10001001010111 (base 2) to base 10.
-8791
-320b (base 14) to base 10
-8635
-101010001110011 (base 2) to base 6
-244031
What is 32051 (base 8) in base 3?
200022120
What is 626 (base 14) in base 16?
4ba
What is 325 (base 6) in base 5?
1000
What is 665 (base 12) in base 14?
4b3
-1a2 (base 13) to base 14
-177
Convert 335415 (base 6) to base 9.
43022
What is 1b66 (base 13) in base 6?
31100
-20152 (base 7) to base 2
-1001100011000
-1542 (base 7) to base 8
-1152
-11763 (base 12) to base 9
-35263
What is -15322 (base 6) in base 2?
-100111000010
-3d (base 14) to base 6
-131
Convert -1001 (base 7) to base 13.
-206
What is a6c (base 13) in base 7?
5122
Convert 122 (base 7) to base 11.
5a
-320 (base 13) to base 14
-2a1
477 (base 8) to base 6
1251
What is -1103 (base 8) in base 3?
-210110
What is -2121211 (base 3) in base 14?
-9a8
Convert -346 (base 10) to base 4.
-11122
Convert 116 (base 10) to base 4.
1310
28a (base 14) to base 3
201001
Convert 1601 (base 8) to base 2.
1110000001
2723 (base 8) to base 11
1136
13814 (base 9) to base 15
2bc4
-6100 (base 7) to base 14
-aa7
-193 (base 14) to base 15
-16a
Convert 2eb (base 16) to base 4.
23223
Convert -1400 (base 12) to base 7.
-6501
-569 (base 10) to base 9
-702
Convert -9e1 (base 16) to base 12.
-1569
-1411 (base 8) to base 4
-30021
Convert -11100110000 (base 2) to base 12.
-1094
Convert -246 (base 13) to base 4.
-12030
Convert 2345 (base 10) to base 5.
33340
What is -2718 (base 10) in base 7?
-10632
What is 1001101001 (base 2) in base 6?
2505
What is 12010201 (base 3) in base 12?
2201
-4a9 (base 12) to base 5
-10310
Convert -158 (base 11) to base 3.
-20211
What is -34038 (base 9) in base 11?
-16007
What is -1e93 (base 16) in base 8?
-17223
-19b (base 13) to base 7
-603
Convert 1001032 (base 4) to base 10.
4174
What is -256b (base 14) in base 2?
-1100110100011
What is 20250 (base 7) in base 8?
11507
What is 1086 (base 9) in base 13?
4a1
283 (base 10) to base 3
101111
665 (base 8) to base 11
368
What is 11001020 (base 3) in base 2?
101110000101
What is -36a (base 13) in base 11?
-4a1
Convert -121122 (base 3) to base 2.
-111000001
What is 11011110001 (base 3) in base 15?
1944d
11102 (base 3) to base 7
230
59b (base 16) to base 14
747
Convert 11312121 (base 4) to base 8.
56631
What is -391 (base 11) in base 14?
-251
What is 3450a (base 12) in base 15?
15a6a
14c3 (base 14) to base 6
25043
406 (base 16) to base 11
857
What is 134 (base 10) in base 13?
a4
Convert -1111 (base 3) to base 11.
-37
What is -549 (base 10) in base 7?
-1413
-4221 (base 9) to base 16
-c19
Convert -1c67c (base 13) to base 8.
-155352
What is 13310 (base 5) in base 10?
1080
73 (base 15) to base 4
1230
What is 1221022 (base 3) in base 2?
10110000100
28130 (base 12) to base 11
38753
Convert 30513 (base 8) to base 6.
134231
What is 6b2 (base 14) in base 12?
930
What is -173152 (base 8) in base 11?
-43438
What is -303030 (base 4) in base 10?
-3276
Convert 1102012011 (base 3) to base 9.
42164
Convert 1721 (base 11) to base 5.
32301
Convert 1021120002 (base 3) to base 12.
126b5
What is 4373 (base 10) in base 14?
1845
Convert 16291 (base 11) to base 14.
8529
1b (base 13) to base 5
44
7a9 (base 12) to base 4
101301
Convert 10b93 (base 15) to base 5.
3200423
What is -5521 (base 6) in base 3?
-1202011
-136a (base 12) to base 16
-8c2
541 (base 6) to base 4
3031
Convert -111111021 (base 3) to base 14.
-3827
Convert -a7f (base 16) to base 4.
-221333
3059 (base 15) to base 3
112000010
Convert 1d3 (base 15) to base 4.
12213
3924 (base 11) to base 12
2b58
Convert b93 (base 12) to base 11.
1301
Convert 110010000110000 (base 2) to base 16.
6430
What is 9d26 (base 16) in base 13?
15408
-331023 (base 6) to base 10
-27447
Convert -952 (base 16) to base 5.
-34021
2630 (base 12) to base 3
12222100
Convert 102321 (base 4) to base 3.
1122210
Convert -1414 (base 7) to base 3.
-202101
6e (base 16) to base 14
7c
-7 (base 15) to base 3
-21
-a28 (base 12) to base 4
-113000
Convert 15220 (base 11) to base 16.
5438
Convert 10201 (base 9) to base 5.
203344
Convert -5948 (base 11) to base 12.
-4618
3423 (base 7) to base 9
1630
555003 (base 6) to base 5
2441233
What is 2100 (base 9) in base 6?
11043
What is 581a (base 15) in base 9?
27577
What is 1726b (base 12) in base 5?
2030303
Convert b523 (base 15) to base 5.
2211113
-105b0 (base 12) to base 7
-116640
-334305 (base 6) to base 16
-6e21
What is 68625 (base 9) in base 11?
31382
256 (base 9) to base 5
1323
1b14 (base 13) to base 10
4073
What is -12a2 (base 13) in base 16?
-a6b
What is -31837 (base 11) in base 7?
-251606
Convert -c791 (base 15) to base 9.
-63811
-1010011011 (base 2) to base 14
-359
33 (base 16) to base 4
303
Convert -9a3a (base 12) to base 5.
-1021123
Convert 10101011 (base 2) to base 11.
146
110 (base 5) to base 2
11110
What is -160615 (base 7) in base 12?
-162a7
-36551 (base 7) to base 16
-2546
What is -232 (base 10) in base 16?
-e8
Convert -35155 (base 6) to base 11.
-3871
Convert -841 (base 10) to base 16.
-349
Convert 1808 (base 10) to base 8.
3420
What is 16351 (base 7) in base 11?
3540
What is 94 (base 12) in base 10?
112
Convert 103402 (base 5) to base 7.
13334
Convert -3a09 (base 12) to base 4.
-1213221
Convert 2036 (base 9) to base 